est common divisor of 100200 and 1320?
120
What is the greatest common divisor of 2503 and 16752579?
2503
What is the highest common factor of 60163 and 34?
17
Calculate the highest common divisor of 28 and 2466583.
7
Calculate the highest common divisor of 3232947 and 159.
159
What is the highest common divisor of 150 and 9876?
6
What is the greatest common factor of 4844 and 9436?
28
Calculate the highest common factor of 507825 and 9.
9
What is the highest common divisor of 111011 and 248?
31
What is the greatest common factor of 403578 and 1827?
63
Calculate the highest common divisor of 343524 and 156.
12
Calculate the greatest common divisor of 1453790 and 26.
26
Calculate the greatest common factor of 73450 and 8970.
130
What is the greatest common factor of 1014 and 29328?
78
Calculate the greatest common divisor of 2348 and 200754.
1174
What is the greatest common factor of 319364 and 4?
4
What is the greatest common factor of 2409 and 12702?
219
Calculate the greatest common divisor of 29688 and 72.
24
What is the greatest common divisor of 139081 and 23?
23
Calculate the greatest common factor of 44 and 226886.
22
Calculate the highest common divisor of 5008 and 64478.
626
What is the greatest common divisor of 339795 and 5265?
405
What is the greatest common factor of 21867 and 121767?
111
Calculate the highest common divisor of 14444 and 111156.
628
Calculate the greatest common factor of 3794 and 322.
14
Calculate the greatest common divisor of 33807 and 8022.
573
Calculate the highest common factor of 435648 and 108.
12
What is the highest common factor of 34599 and 9?
3
Calculate the greatest common divisor of 2616 and 204.
12
What is the highest common divisor of 14340 and 4680?
60
What is the greatest common divisor of 356545 and 21710?
835
Calculate the highest common factor of 4485 and 30030.
195
Calculate the greatest common factor of 24 and 3064.
8
Calculate the highest common factor of 46762 and 103.
103
What is the highest common divisor of 7 and 374773?
7
What is the greatest common factor of 852 and 36?
12
Calculate the greatest common factor of 239046 and 54.
6
Calculate the greatest common factor of 928593 and 45.
9
What is the greatest common divisor of 1641387 and 165?
33
What is the highest common factor of 184760 and 465?
155
What is the highest common factor of 133 and 96292?
133
What is the highest common divisor of 19629 and 27?
27
Calculate the greatest common factor of 1547 and 461363.
119
What is the greatest common divisor of 174 and 1192944?
174
Calculate the highest common divisor of 208 and 39663.
13
Calculate the greatest common factor of 556914 and 404.
202
What is the greatest common factor of 1578529 and 606?
101
What is the greatest common factor of 1932 and 163548?
84
What is the highest common divisor of 23478 and 1365?
273
Calculate the greatest common divisor of 168058 and 484.
22
What is the greatest common divisor of 4 and 37665?
1
What is the highest common factor of 114 and 165666?
6
What is the greatest common factor of 85481 and 19?
19
What is the highest common factor of 339366 and 5379?
489
Calculate the greatest common divisor of 4836 and 2808.
156
Calculate the highest common divisor of 2646 and 1566.
54
Calculate the greatest common divisor of 76 and 2588.
4
Calculate the highest common factor of 3416 and 10584.
56
Calculate the highest common divisor of 217957 and 34.
17
Calculate the highest common divisor of 26741 and 429.
143
Calculate the highest common factor of 1130038 and 98.
98
What is the greatest common factor of 533 and 70397?
41
Calculate the greatest common divisor of 31126 and 3546.
394
What is the greatest common divisor of 184 and 2070?
46
Calculate the highest common divisor of 95400 and 10.
10
What is the greatest common factor of 756 and 9492?
84
Calculate the highest common factor of 88 and 303616.
8
Calculate the highest common divisor of 75727 and 164.
41
Calculate the highest common factor of 36 and 27636.
12
What is the highest common factor of 7272 and 238158?
1818
What is the highest common factor of 1720412 and 228?
76
What is the greatest common divisor of 343 and 48461?
49
Calculate the greatest common factor of 384 and 40776.
24
Calculate the greatest common divisor of 1742 and 494.
26
What is the greatest common divisor of 6556 and 24354?
22
What is the highest common divisor of 168 and 154168?
56
Calculate the greatest common factor of 636786 and 342.
18
What is the greatest common factor of 2460 and 27019?
41
What is the highest common factor of 55735 and 2485?
355
What is the greatest common divisor of 4 and 54388?
4
Calculate the highest common factor of 49876 and 296.
148
What is the highest common factor of 40956 and 180?
12
What is the highest common factor of 13626 and 864?
18
What is the greatest common factor of 2524106 and 130?
26
What is the highest common divisor of 1327843 and 77?
11
What is the highest common factor of 195 and 3919695?
195
Calculate the greatest common factor of 1068 and 2304.
12
Calculate the greatest common factor of 31079 and 12.
1
What is the highest common factor of 75 and 39?
3
Calculate the greatest common factor of 16 and 1217512.
8
What is the greatest common factor of 981 and 1254?
3
What is the highest common factor of 20322 and 1098?
18
What is the greatest common divisor of 8 and 184936?
8
What is the greatest common factor of 301 and 992569?
43
Calculate the highest common divisor of 4500 and 612.
36
Calculate the highest common divisor of 2443 and 560.
7
Calculate the greatest common divisor of 51489 and 81.
27
What is the highest common divisor of 90 and 8710?
10
Calculate the greatest common divisor of 40963 and 147823.
1781
Calculate the highest common factor of 293013 and 315.
63
Calculate the highest common divisor of 1617 and 45969.
231
What is the greatest common divisor of 74 and 18537?
37
What is the greatest common factor of 27066 and 78?
78
Calculate the greatest common divisor of 862173 and 117.
117
Calculate the greatest common divisor of 63 and 217.
7
What is the greatest common factor of 19870 and 1580?
10
Calculate the highest common factor of 64500 and 2625.
375
Calculate the highest common divisor of 884 and 91052.
884
What is the highest common divisor of 90 and 59463?
9
Calculate the highest common divisor of 7724 and 8.
4
What is the greatest common divisor of 1692 and 1644?
12
What is the greatest common factor of 4548 and 486?
6
What is the highest common factor of 61 and 655384?
61
What is the highest common divisor of 18 and 37827?
9
Calculate the highest common divisor of 65 and 149825.
65
Calculate the highest common factor of 1142008 and 112.
56
Calculate the highest common factor of 165341 and 33.
11
Calculate the greatest common factor of 163774 and 52.
26
Calculate the greatest common factor of 1189 and 14945730.
1189
What is the highest common factor of 2372 and 134611?
593
What is the greatest common divisor of 30652 and 2813?
97
What is the highest common divisor of 50327 and 126244?
853
Calculate the greatest common factor of 98 and 2177.
7
Calculate the greatest common factor of 58105 and 40.
5
What is the highest common divisor of 46850 and 4?
2
Calculate the greatest common divisor of 133 and 10003.
7
Calculate the greatest common divisor of 267 and 5963.
89
Calculate the greatest common factor of 500 and 13560.
20
Calculate the greatest common factor of 252 and 219422.
14
What is the highest common factor of 40 and 288935?
5
What is the highest common factor of 578 and 6494?
34
Calculate the highest common factor of 719518 and 916.
458
What is the highest common factor of 57861 and 27?
27
Calculate the highest common divisor of 35 and 436030.
35
What is the greatest common divisor of 210 and 54250?
70
Calculate the highest common divisor of 3813 and 1612.
31
What is the highest common divisor of 109858 and 4130?
826
What is the greatest common divisor of 63639 and 27?
27
What is the highest common factor of 9196 and 89452?
836
Calculate the highest common divisor of 180 and 74920.
20
Calculate the greatest common factor of 20 and 23092.
4
What is the greatest common divisor of 60 and 379380?
60
Calculate the highest common divisor of 37113 and 2363.
139
Calculat